{"id":4653,"date":"2022-02-02T14:53:09","date_gmt":"2022-02-02T13:53:09","guid":{"rendered":"https:\/\/www.szdf.at\/ptsdf\/?page_id=4653"},"modified":"2022-03-02T14:50:28","modified_gmt":"2022-03-02T13:50:28","slug":"handel-buero","status":"publish","type":"page","link":"https:\/\/www.szdf.at\/ptsdf\/handel-buero\/","title":{"rendered":""},"content":{"rendered":"\n<div class=\"wp-block-cover alignright is-light has-custom-content-position is-position-bottom-left\"><span aria-hidden=\"true\" class=\"has-white-background-color has-background-dim-0 wp-block-cover__gradient-background has-background-dim\"><\/span><img data-recalc-dims=\"1\" loading=\"lazy\" decoding=\"async\" width=\"250\" height=\"250\" class=\"wp-block-cover__image-background wp-image-4898\" alt=\"\" src=\"https:\/\/i0.wp.com\/www.szdf.at\/ptsdf\/wp-content\/uploads\/2022\/03\/icon_handel-buero-e1646228340149.jpg?resize=250%2C250&#038;ssl=1\" style=\"object-position:51% 50%\" data-object-fit=\"cover\" data-object-position=\"51% 50%\"\/><div class=\"wp-block-cover__inner-container is-layout-flow wp-block-cover-is-layout-flow\">\n<p class=\"has-black-color has-text-color has-large-font-size\">Fachbereich Handel\/B\u00fcro<\/p>\n<\/div><\/div>\n\n\n\n<h2 class=\"wp-block-heading\" id=\"h-\"><\/h2>\n\n\n\n<p>Der Fachbereich Handel und B\u00fcro bezieht sich u.a. auf folgende&nbsp;Berufe:<\/p>\n\n\n\n<ul class=\"wp-block-list\"><li>B\u00fcrokaufmann\/-frau<\/li><li>Versicherungskaufmann\/-frau<\/li><li>Reiseb\u00fcro<\/li><li>Einzelhandel<\/li><li>Buchhalter\/-in<\/li><li>Logistik<\/li><li>Industriekaufmann\/-frau<\/li><li>usw.<\/li><\/ul>\n\n\n\n<p>Folgende Gegenst\u00e4nde und Themenschwerpunkte dienen der Entwicklung von Berufsgrundkompetenzen:<\/p>\n\n\n\n<ul class=\"wp-block-list\"><li>Fachpraxis: Umgangsformen, Gesundheit und Sicherheit am Arbeitsplatz, Umgang mit Ressourcen, digitale und elektronische Medien, Arbeitsabl\u00e4ufe, Informationsmanagement, Umgang mit Kundinnen und Kunden, Verkaufs- und Beratungsgespr\u00e4che, Kommunikation und Feedback, Schriftverkehr, Telefongespr\u00e4che, Werbemittel, Pr\u00e4sentationen, usw.<\/li><li>Fachkunde: Berufsbilder, Ausbildung, Karriereverl\u00e4ufe, Sicherheitsvorschriften, Unfallvermeidung, Erste Hilfe, Hygiene, Arbeitstechniken und -abl\u00e4ufe, Materialien, professionelle E-Mails, Gespr\u00e4chsf\u00fchrung, Werbema\u00dfnahmen und -konzepte, Gestaltungsgrunds\u00e4tze, usw.<\/li><li>Betriebswirtschaftliche Grundlagen: wirtschaftliche Grundbegriffe, Verkaufsstrategien und Werbema\u00dfnahmen, Kaufvertr\u00e4ge, Konsumentenschutz, Wirtschaftskreislauf, Unternehmensgr\u00fcndung, digitaler Verkauf, Umgang mit Geld, Bankdienstleistungen, usw.<\/li><li>Buchf\u00fchrung und Wirtschaftsrechnen: Ma\u00dfeinheiten, Prozent- und Zinsrechnungen, Haushaltplanung, Konsumverhalten, Aufgaben des Rechnungswesens, Buchf\u00fchrungssysteme, Einnahmen-Ausgaben-Rechnung, Kalkulationen, Bilanz, usw.<\/li><li>Angewandte Informatik: Hard- und Software, Dateiverwaltung, Officesoftware, Schreibfertigkeit, Online-Sicherheit, Internetrecherche, Informationsmanagement, Soziale Netzwerke, usw.<\/li><\/ul>\n","protected":false},"excerpt":{"rendered":"<p>Der Fachbereich Handel und B\u00fcro bezieht sich u.a. auf folgende&nbsp;Berufe: B\u00fcrokaufmann\/-frau Versicherungskaufmann\/-frau Reiseb\u00fcro Einzelhandel Buchhalter\/-in Logistik Industriekaufmann\/-frau usw. Folgende Gegenst\u00e4nde und Themenschwerpunkte dienen der Entwicklung von Berufsgrundkompetenzen: Fachpraxis: Umgangsformen, Gesundheit und Sicherheit am Arbeitsplatz, Umgang mit Ressourcen, digitale und elektronische<\/p>\n","protected":false},"author":6,"featured_media":0,"parent":0,"menu_order":0,"comment_status":"closed","ping_status":"closed","template":"","meta":{"jetpack_post_was_ever_published":false,"footnotes":""},"class_list":["post-4653","page","type-page","status-publish","hentry"],"yoast_head":"<!-- This site is optimized with the Yoast SEO Premium plugin v15.5 - https:\/\/yoast.com\/wordpress\/plugins\/seo\/ -->\n<title>- No Blog Title Set<\/title>\n<meta name=\"description\" content=\"PTS Deutschfeistritz - Unser Ziel ist die Vermittlung einer sicheren Lehrstelle. 3 Wochen Berufspraxis - Ausbildung in 7 Fachbereichen - Modularer Sportunterricht als mehrfach ausgzeichnetes Erfolgskonzept - MINT-Schule - GKK Gesunde Schule\" \/>\n<meta name=\"robots\" content=\"index, follow, max-snippet:-1, max-image-preview:large, max-video-preview:-1\" \/>\n<link rel=\"canonical\" href=\"https:\/\/www.szdf.at\/ptsdf\/handel-buero\/\" \/>\n<meta property=\"og:locale\" content=\"de_DE\" \/>\n<meta property=\"og:type\" content=\"article\" \/>\n<meta property=\"og:title\" content=\"- No Blog Title Set\" \/>\n<meta property=\"og:description\" content=\"PTS Deutschfeistritz - Unser Ziel ist die Vermittlung einer sicheren Lehrstelle. 3 Wochen Berufspraxis - Ausbildung in 7 Fachbereichen - Modularer Sportunterricht als mehrfach ausgzeichnetes Erfolgskonzept - MINT-Schule - GKK Gesunde Schule\" \/>\n<meta property=\"og:url\" content=\"https:\/\/www.szdf.at\/ptsdf\/handel-buero\/\" \/>\n<meta property=\"og:site_name\" content=\"No Blog Title Set\" \/>\n<meta property=\"article:modified_time\" content=\"2022-03-02T13:50:28+00:00\" \/>\n<meta property=\"og:image\" content=\"https:\/\/www.szdf.at\/ptsdf\/wp-content\/uploads\/2022\/03\/icon_handel-buero-e1646228340149.jpg\" \/>\n<meta name=\"twitter:card\" content=\"summary_large_image\" \/>\n<meta name=\"twitter:label1\" content=\"Gesch\u00e4tzte Lesezeit\">\n\t<meta name=\"twitter:data1\" content=\"1\u00a0Minute\">\n<script type=\"application\/ld+json\" class=\"yoast-schema-graph\">{\"@context\":\"https:\/\/schema.org\",\"@graph\":[{\"@type\":\"Organization\",\"@id\":\"https:\/\/www.szdf.at\/ptsdf\/#organization\",\"name\":\"PTS Deutschfeistritz\",\"url\":\"https:\/\/www.szdf.at\/ptsdf\/\",\"sameAs\":[],\"logo\":{\"@type\":\"ImageObject\",\"@id\":\"https:\/\/www.szdf.at\/ptsdf\/#logo\",\"inLanguage\":\"de\",\"url\":\"https:\/\/i0.wp.com\/www.szdf.at\/ptsdf\/wp-content\/uploads\/2019\/11\/Logo_PTSDF.png?fit=1552%2C1154&ssl=1\",\"width\":1552,\"height\":1154,\"caption\":\"PTS Deutschfeistritz\"},\"image\":{\"@id\":\"https:\/\/www.szdf.at\/ptsdf\/#logo\"}},{\"@type\":\"WebSite\",\"@id\":\"https:\/\/www.szdf.at\/ptsdf\/#website\",\"url\":\"https:\/\/www.szdf.at\/ptsdf\/\",\"name\":\"No Blog Title Set\",\"description\":\"\",\"publisher\":{\"@id\":\"https:\/\/www.szdf.at\/ptsdf\/#organization\"},\"potentialAction\":[{\"@type\":\"SearchAction\",\"target\":\"https:\/\/www.szdf.at\/ptsdf\/?s={search_term_string}\",\"query-input\":\"required name=search_term_string\"}],\"inLanguage\":\"de\"},{\"@type\":\"ImageObject\",\"@id\":\"https:\/\/www.szdf.at\/ptsdf\/handel-buero\/#primaryimage\",\"inLanguage\":\"de\",\"url\":\"https:\/\/i0.wp.com\/www.szdf.at\/ptsdf\/wp-content\/uploads\/2022\/03\/icon_handel-buero-e1646228340149.jpg?fit=250%2C250&ssl=1\",\"width\":250,\"height\":250},{\"@type\":\"WebPage\",\"@id\":\"https:\/\/www.szdf.at\/ptsdf\/handel-buero\/#webpage\",\"url\":\"https:\/\/www.szdf.at\/ptsdf\/handel-buero\/\",\"name\":\"- No Blog Title Set\",\"isPartOf\":{\"@id\":\"https:\/\/www.szdf.at\/ptsdf\/#website\"},\"primaryImageOfPage\":{\"@id\":\"https:\/\/www.szdf.at\/ptsdf\/handel-buero\/#primaryimage\"},\"datePublished\":\"2022-02-02T13:53:09+00:00\",\"dateModified\":\"2022-03-02T13:50:28+00:00\",\"description\":\"PTS Deutschfeistritz - Unser Ziel ist die Vermittlung einer sicheren Lehrstelle. 3 Wochen Berufspraxis - Ausbildung in 7 Fachbereichen - Modularer Sportunterricht als mehrfach ausgzeichnetes Erfolgskonzept - MINT-Schule - GKK Gesunde Schule\",\"breadcrumb\":{\"@id\":\"https:\/\/www.szdf.at\/ptsdf\/handel-buero\/#breadcrumb\"},\"inLanguage\":\"de\",\"potentialAction\":[{\"@type\":\"ReadAction\",\"target\":[\"https:\/\/www.szdf.at\/ptsdf\/handel-buero\/\"]}]},{\"@type\":\"BreadcrumbList\",\"@id\":\"https:\/\/www.szdf.at\/ptsdf\/handel-buero\/#breadcrumb\",\"itemListElement\":[{\"@type\":\"ListItem\",\"position\":1,\"item\":{\"@type\":\"WebPage\",\"@id\":\"https:\/\/www.szdf.at\/ptsdf\/\",\"url\":\"https:\/\/www.szdf.at\/ptsdf\/\",\"name\":\"Startseite\"}},{\"@type\":\"ListItem\",\"position\":2,\"item\":{\"@type\":\"WebPage\",\"@id\":\"https:\/\/www.szdf.at\/ptsdf\/handel-buero\/\",\"url\":\"https:\/\/www.szdf.at\/ptsdf\/handel-buero\/\",\"name\":\"- No Blog Title Set\"}}]}]}<\/script>\n<!-- \/ Yoast SEO Premium plugin. -->","jetpack_sharing_enabled":true,"jetpack_shortlink":"https:\/\/wp.me\/P9ryuw-1d3","_links":{"self":[{"href":"https:\/\/www.szdf.at\/ptsdf\/wp-json\/wp\/v2\/pages\/4653","targetHints":{"allow":["GET"]}}],"collection":[{"href":"https:\/\/www.szdf.at\/ptsdf\/wp-json\/wp\/v2\/pages"}],"about":[{"href":"https:\/\/www.szdf.at\/ptsdf\/wp-json\/wp\/v2\/types\/page"}],"author":[{"embeddable":true,"href":"https:\/\/www.szdf.at\/ptsdf\/wp-json\/wp\/v2\/users\/6"}],"replies":[{"embeddable":true,"href":"https:\/\/www.szdf.at\/ptsdf\/wp-json\/wp\/v2\/comments?post=4653"}],"version-history":[{"count":10,"href":"https:\/\/www.szdf.at\/ptsdf\/wp-json\/wp\/v2\/pages\/4653\/revisions"}],"predecessor-version":[{"id":4907,"href":"https:\/\/www.szdf.at\/ptsdf\/wp-json\/wp\/v2\/pages\/4653\/revisions\/4907"}],"wp:attachment":[{"href":"https:\/\/www.szdf.at\/ptsdf\/wp-json\/wp\/v2\/media?parent=4653"}],"curies":[{"name":"wp","href":"https:\/\/api.w.org\/{rel}","templated":true}]}}