{"id":718,"date":"2017-12-11T19:56:45","date_gmt":"2017-12-11T18:56:45","guid":{"rendered":"https:\/\/www.szdf.at\/ptsdf\/?page_id=718"},"modified":"2024-01-25T12:12:21","modified_gmt":"2024-01-25T11:12:21","slug":"impressum","status":"publish","type":"page","link":"https:\/\/www.szdf.at\/ptsdf\/impressum\/","title":{"rendered":"Impressum"},"content":{"rendered":"<h1>Impressum<\/h1>\n<p>F\u00fcr den Inhalt verantwortlich:<\/p>\n<div><strong>PTS Deutschfeistritz<\/strong><\/div>\n<div>Schulgasse 5<\/div>\n<div>8121 Deutschfeistritz<\/div>\n<div><\/div>\n<div><strong>E-Mail:\u00a0<\/strong><span id=\"cloak81912f5217f7ba16f146867b3814f1d7\"><a href=\"mailto:pts.deutschfeistritz@szdf.at\">pts.deutschfeistritz@szdf.at<\/a><\/span><\/div>\n<div><strong>Schulkennzahl:<\/strong>\u00a0606024<\/div>\n<div><\/div>\n<div><\/div>\n<div><strong>Direktion:<\/strong><\/div>\n<div>Gabriele Aufinger-Gmeinb\u00f6ck (Pflichtschulclusterleitung)<\/div>\n<div>Marlene Schwarzenegger (Bereichsleitung PTS)<\/div>\n<div>E-Mail: <span id=\"cloak81912f5217f7ba16f146867b3814f1d7\"><a href=\"mailto:pts.deutschfeistritz@szdf.at\">pts.deutschfeistritz@szdf.at<\/a><\/span><\/div>\n<div><\/div>\n<div><\/div>\n<div><strong>Webmaster:<\/strong><\/div>\n<div>Mathias Kirschbaum<\/div>\n<div>E-Mail: <span id=\"cloaka87056e0a7e92246e0aa005251c5acca\"><a href=\"mailto:mathias.huber@szdf.at\">mathias.kirschbaum@szdf.at<\/a><\/span><\/div>\n<div><\/div>\n<div><\/div>\n<div><strong>Blattlinie<\/strong><\/div>\n<div>Diese Homepage enth\u00e4lt Informationen \u00fcber die Schule, wie z.B. Lehrerteam, Schwerpunktsetzung, Projekte und Aktivit\u00e4ten. Die Nutzung der Homepage ist unentgeltlich.<\/div>\n<div><\/div>\n<div><\/div>\n<div><strong>Haftung, Verweise und Links<\/strong><\/div>\n<div>Die ver\u00f6ffentlichten Inhalte sind sorgf\u00e4ltig recherchiert und programmiert. Dennoch kann keine Gew\u00e4hr f\u00fcr die Richtigkeit und Vollst\u00e4ndigkeit \u00fcbernommen werden. Alle Angaben erfolgen ohne Gew\u00e4hr. Eine Haftung f\u00fcr allf\u00e4llige Sch\u00e4den, die sich aus den ver\u00f6ffentlichten Inhalten ergeben, ist ausgeschlossen.<\/div>\n<div>Die Autoren erkl\u00e4ren ausdr\u00fccklich, dass zum Zeitpunkt der Linksetzung die entsprechenden verlinkten Seiten frei von illegalen Inhalten waren. Auf die aktuelle und zuk\u00fcnftige Gestaltung sowie auf die Inhalte der gelinkten\/verkn\u00fcpften Seiten haben die Autoren keinen Einfluss. Deshalb distanzieren sie sich ausdr\u00fccklich von Inhalten aller gelinkten\/verkn\u00fcpften Seiten, die nach der Linksetzung ver\u00e4ndert wurden und \u00fcbernehmen daf\u00fcr keine Verantwortung. F\u00fcr illegale, fehlerhafte oder unvollst\u00e4ndige Inhalte und insbesondere f\u00fcr Sch\u00e4den, die aus der Nutzung oder Nichtnutzung solcherart dargebotener Informationen entstehen, haftet allein die Anbieterin bzw. der Anbieter der Seite, auf welche verwiesen wurde, nicht diejenige bzw. derjenige, die bzw. der \u00fcber Links auf die jeweilige Ver\u00f6ffentlichung lediglich verweist.<\/div>\n","protected":false},"excerpt":{"rendered":"<p>Impressum F\u00fcr den Inhalt verantwortlich: PTS Deutschfeistritz Schulgasse 5 8121 Deutschfeistritz E-Mail:\u00a0pts.deutschfeistritz@szdf.at Schulkennzahl:\u00a0606024 Direktion: Gabriele Aufinger-Gmeinb\u00f6ck (Pflichtschulclusterleitung) Marlene Schwarzenegger (Bereichsleitung PTS) E-Mail: pts.deutschfeistritz@szdf.at Webmaster: Mathias Kirschbaum E-Mail: mathias.kirschbaum@szdf.at Blattlinie Diese Homepage enth\u00e4lt Informationen \u00fcber die Schule, wie z.B. Lehrerteam, Schwerpunktsetzung,<\/p>\n","protected":false},"author":1,"featured_media":0,"parent":0,"menu_order":0,"comment_status":"closed","ping_status":"closed","template":"","meta":{"jetpack_post_was_ever_published":false,"footnotes":""},"class_list":["post-718","page","type-page","status-publish","hentry"],"yoast_head":"<!-- This site is optimized with the Yoast SEO Premium plugin v15.5 - https:\/\/yoast.com\/wordpress\/plugins\/seo\/ -->\n<title>Impressum - No Blog Title Set<\/title>\n<meta name=\"description\" content=\"PTS Deutschfeistritz - Unser Ziel ist die Vermittlung einer sicheren Lehrstelle. 3 Wochen Berufspraxis - Ausbildung in 7 Fachbereichen - Modularer Sportunterricht als mehrfach ausgzeichnetes Erfolgskonzept - MINT-Schule - GKK Gesunde Schule\" \/>\n<meta name=\"robots\" content=\"index, follow, max-snippet:-1, max-image-preview:large, max-video-preview:-1\" \/>\n<link rel=\"canonical\" href=\"https:\/\/www.szdf.at\/ptsdf\/impressum\/\" \/>\n<meta property=\"og:locale\" content=\"de_DE\" \/>\n<meta property=\"og:type\" content=\"article\" \/>\n<meta property=\"og:title\" content=\"Impressum - No Blog Title Set\" \/>\n<meta property=\"og:description\" content=\"PTS Deutschfeistritz - Unser Ziel ist die Vermittlung einer sicheren Lehrstelle. 3 Wochen Berufspraxis - Ausbildung in 7 Fachbereichen - Modularer Sportunterricht als mehrfach ausgzeichnetes Erfolgskonzept - MINT-Schule - GKK Gesunde Schule\" \/>\n<meta property=\"og:url\" content=\"https:\/\/www.szdf.at\/ptsdf\/impressum\/\" \/>\n<meta property=\"og:site_name\" content=\"No Blog Title Set\" \/>\n<meta property=\"article:modified_time\" content=\"2024-01-25T11:12:21+00:00\" \/>\n<meta name=\"twitter:card\" content=\"summary_large_image\" \/>\n<meta name=\"twitter:label1\" content=\"Gesch\u00e4tzte Lesezeit\">\n\t<meta name=\"twitter:data1\" content=\"1\u00a0Minute\">\n<script type=\"application\/ld+json\" class=\"yoast-schema-graph\">{\"@context\":\"https:\/\/schema.org\",\"@graph\":[{\"@type\":\"Organization\",\"@id\":\"https:\/\/www.szdf.at\/ptsdf\/#organization\",\"name\":\"PTS Deutschfeistritz\",\"url\":\"https:\/\/www.szdf.at\/ptsdf\/\",\"sameAs\":[],\"logo\":{\"@type\":\"ImageObject\",\"@id\":\"https:\/\/www.szdf.at\/ptsdf\/#logo\",\"inLanguage\":\"de\",\"url\":\"https:\/\/i0.wp.com\/www.szdf.at\/ptsdf\/wp-content\/uploads\/2019\/11\/Logo_PTSDF.png?fit=1552%2C1154&ssl=1\",\"width\":1552,\"height\":1154,\"caption\":\"PTS Deutschfeistritz\"},\"image\":{\"@id\":\"https:\/\/www.szdf.at\/ptsdf\/#logo\"}},{\"@type\":\"WebSite\",\"@id\":\"https:\/\/www.szdf.at\/ptsdf\/#website\",\"url\":\"https:\/\/www.szdf.at\/ptsdf\/\",\"name\":\"No Blog Title Set\",\"description\":\"\",\"publisher\":{\"@id\":\"https:\/\/www.szdf.at\/ptsdf\/#organization\"},\"potentialAction\":[{\"@type\":\"SearchAction\",\"target\":\"https:\/\/www.szdf.at\/ptsdf\/?s={search_term_string}\",\"query-input\":\"required name=search_term_string\"}],\"inLanguage\":\"de\"},{\"@type\":\"WebPage\",\"@id\":\"https:\/\/www.szdf.at\/ptsdf\/impressum\/#webpage\",\"url\":\"https:\/\/www.szdf.at\/ptsdf\/impressum\/\",\"name\":\"Impressum - No Blog Title Set\",\"isPartOf\":{\"@id\":\"https:\/\/www.szdf.at\/ptsdf\/#website\"},\"datePublished\":\"2017-12-11T18:56:45+00:00\",\"dateModified\":\"2024-01-25T11:12:21+00:00\",\"description\":\"PTS Deutschfeistritz - Unser Ziel ist die Vermittlung einer sicheren Lehrstelle. 3 Wochen Berufspraxis - Ausbildung in 7 Fachbereichen - Modularer Sportunterricht als mehrfach ausgzeichnetes Erfolgskonzept - MINT-Schule - GKK Gesunde Schule\",\"breadcrumb\":{\"@id\":\"https:\/\/www.szdf.at\/ptsdf\/impressum\/#breadcrumb\"},\"inLanguage\":\"de\",\"potentialAction\":[{\"@type\":\"ReadAction\",\"target\":[\"https:\/\/www.szdf.at\/ptsdf\/impressum\/\"]}]},{\"@type\":\"BreadcrumbList\",\"@id\":\"https:\/\/www.szdf.at\/ptsdf\/impressum\/#breadcrumb\",\"itemListElement\":[{\"@type\":\"ListItem\",\"position\":1,\"item\":{\"@type\":\"WebPage\",\"@id\":\"https:\/\/www.szdf.at\/ptsdf\/\",\"url\":\"https:\/\/www.szdf.at\/ptsdf\/\",\"name\":\"Startseite\"}},{\"@type\":\"ListItem\",\"position\":2,\"item\":{\"@type\":\"WebPage\",\"@id\":\"https:\/\/www.szdf.at\/ptsdf\/impressum\/\",\"url\":\"https:\/\/www.szdf.at\/ptsdf\/impressum\/\",\"name\":\"Impressum\"}}]}]}<\/script>\n<!-- \/ Yoast SEO Premium plugin. -->","jetpack_sharing_enabled":false,"jetpack_shortlink":"https:\/\/wp.me\/P9ryuw-bA","_links":{"self":[{"href":"https:\/\/www.szdf.at\/ptsdf\/wp-json\/wp\/v2\/pages\/718","targetHints":{"allow":["GET"]}}],"collection":[{"href":"https:\/\/www.szdf.at\/ptsdf\/wp-json\/wp\/v2\/pages"}],"about":[{"href":"https:\/\/www.szdf.at\/ptsdf\/wp-json\/wp\/v2\/types\/page"}],"author":[{"embeddable":true,"href":"https:\/\/www.szdf.at\/ptsdf\/wp-json\/wp\/v2\/users\/1"}],"replies":[{"embeddable":true,"href":"https:\/\/www.szdf.at\/ptsdf\/wp-json\/wp\/v2\/comments?post=718"}],"version-history":[{"count":11,"href":"https:\/\/www.szdf.at\/ptsdf\/wp-json\/wp\/v2\/pages\/718\/revisions"}],"predecessor-version":[{"id":6147,"href":"https:\/\/www.szdf.at\/ptsdf\/wp-json\/wp\/v2\/pages\/718\/revisions\/6147"}],"wp:attachment":[{"href":"https:\/\/www.szdf.at\/ptsdf\/wp-json\/wp\/v2\/media?parent=718"}],"curies":[{"name":"wp","href":"https:\/\/api.w.org\/{rel}","templated":true}]}}